{"id":2443,"date":"2025-07-29T22:42:56","date_gmt":"2025-07-29T22:42:56","guid":{"rendered":"https:\/\/www.cervezamexico.com\/cdmx\/congreso\/?post_type=product&#038;p=2443"},"modified":"2025-10-22T22:48:29","modified_gmt":"2025-10-22T22:48:29","slug":"lleva-tu-negocio-a-hong-kong-la-puerta-de-entrada-al-mercado-chino","status":"publish","type":"product","link":"https:\/\/www.cervezamexico.com\/cdmx\/congreso\/product\/lleva-tu-negocio-a-hong-kong-la-puerta-de-entrada-al-mercado-chino\/","title":{"rendered":"Lleva tu Negocio a Hong Kong, la Puerta de Entrada al Mercado Chino"},"content":{"rendered":"<table id=\"TablaTalleres\">\n<tbody>\n<tr>\n<td width=\"30%\"><img decoding=\"async\" class=\"wp-image-13155 alignright\" src=\"https:\/\/www.cervezamexico.com\/cdmx\/congreso\/wp-content\/uploads\/2025\/07\/cerveza-honkong-ponente.jpg\" alt=\"\" width=\"800\" height=\"auto\" \/><\/td>\n<td width=\"70%\">\n<h4 class=\"NombrePonente\">Karla Loyo Quintero \/ Invest Hong Kong M\u00e9xico y Centroam\u00e9rica<\/h4>\n<p>Consultora Principal de Invest Hong Kong para M\u00e9xico y Centroam\u00e9rica. Maestra en Econom\u00eda y Comercio Internacional por la Universidad de Ciencia y Tecnolog\u00eda de Beijing, y Licenciada en Relaciones Internacionales por la Universidad de las Am\u00e9ricas, M\u00e9xico. Cuenta con 18 a\u00f1os de experiencia en promoci\u00f3n econ\u00f3mica, diplomacia empresarial, desarrollo de negocios internacionales, relaciones institucionales, y organizaci\u00f3n de m\u00e1s de 100 eventos empresariales. Ha dirigido y administrado c\u00e1maras de comercio bilaterales como la C\u00e1mara de Comercio y Tecnolog\u00eda M\u00e9xico-China y la C\u00e1mara Mexicana de Comercio en Hong Kong. Tambi\u00e9n, cuenta con experiencia laborando en banca, empresas de consultor\u00eda y de log\u00edstica internacional. Karla participa activamente en algunas organizaciones como la C\u00e1mara Mexicana de Comercio en Hong Kong, y el Consejo de Cooperaci\u00f3n Econ\u00f3mica del Pac\u00edfico (Cap\u00edtulo M\u00e9xico).<\/td>\n<\/tr>\n<\/tbody>\n<\/table>\n","protected":false},"excerpt":{"rendered":"<p><strong>Dirigido a Profesionales de la industria HoReCa <\/strong><\/p>\n<h4 class=\"ConfeCongreso\"><span style=\"color: #fff;\">CONFERENCIA<\/span><\/h4>\n<h2 class=\"FechaCongreso\"><span style=\"color: #00335c;\">Viernes 24 de Octubre 2025<\/span><\/h2>\n<p class=\"TextTalleres\"><strong>Horario:<\/strong>12:30-13:30 hrs<\/p>\n<p class=\"TextTalleres\"><strong>Duraci\u00f3n:<\/strong>1 hora<\/p>\n<p class=\"TextTalleres\"><strong>Lugar:<\/strong> WTC, MAYA 3<\/p>\n<p class=\"TextTalleres\"><strong>Imparte:<\/strong>Karla Loyo Quintero \/ Invest Hong Kong M\u00e9xico y Centroam\u00e9rica<\/p>\n<p class=\"TextTalleres\"><strong>Objetivo:<\/strong>Dar a conocer el potencial de venta de la cerveza artesanal en Hong Kong y China, c\u00f3mo llevarlo desde M\u00e9xico, ambiente de negocios, beneficios e incentivos, fondos, entre otros apoyos que proporciona el gobierno de Hong Kong.<\/p>\n<p class=\"TextTalleres\"><strong>Temario:<\/strong><\/p>\n<ul>\n<li>Acceso al mercado<\/li>\n<li>Canales de venta<\/li>\n<li>Ambiente de negocios<\/li>\n<li>Potencial de venta<\/li>\n<li>Beneficios y apoyos para iniciar operaciones<\/li>\n<\/ul>\n<p><strong><span style=\"color: #00335c; margin-top: 15px!important;\">CUPO LIMITADO<\/span><\/strong><br \/>\n<strong>Sujeto a cambio sin previo aviso, incluye entrada a la expo por el d\u00eda que asisten y no se permiten acompa\u00f1antes.<\/strong><\/p>\n<p><strong style=\"border-radius: 0px; font-size: 15px; color: #ff6501; background: none;\">EVENTO PARA MAYORES DE 18 A\u00d1OS<\/strong><\/p>\n","protected":false},"featured_media":2666,"template":"","meta":[],"product_brand":[],"product_cat":[163],"product_tag":[],"class_list":{"0":"post-2443","1":"product","2":"type-product","3":"status-publish","4":"has-post-thumbnail","6":"product_cat-salon-lupulo-viernes-24-octubre","8":"first","9":"instock","10":"sale","11":"taxable","12":"shipping-taxable","13":"purchasable","14":"product-type-simple"},"jetpack_sharing_enabled":true,"_links":{"self":[{"href":"https:\/\/www.cervezamexico.com\/cdmx\/congreso\/wp-json\/wp\/v2\/product\/2443","targetHints":{"allow":["GET"]}}],"collection":[{"href":"https:\/\/www.cervezamexico.com\/cdmx\/congreso\/wp-json\/wp\/v2\/product"}],"about":[{"href":"https:\/\/www.cervezamexico.com\/cdmx\/congreso\/wp-json\/wp\/v2\/types\/product"}],"wp:featuredmedia":[{"embeddable":true,"href":"https:\/\/www.cervezamexico.com\/cdmx\/congreso\/wp-json\/wp\/v2\/media\/2666"}],"wp:attachment":[{"href":"https:\/\/www.cervezamexico.com\/cdmx\/congreso\/wp-json\/wp\/v2\/media?parent=2443"}],"wp:term":[{"taxonomy":"product_brand","embeddable":true,"href":"https:\/\/www.cervezamexico.com\/cdmx\/congreso\/wp-json\/wp\/v2\/product_brand?post=2443"},{"taxonomy":"product_cat","embeddable":true,"href":"https:\/\/www.cervezamexico.com\/cdmx\/congreso\/wp-json\/wp\/v2\/product_cat?post=2443"},{"taxonomy":"product_tag","embeddable":true,"href":"https:\/\/www.cervezamexico.com\/cdmx\/congreso\/wp-json\/wp\/v2\/product_tag?post=2443"}],"curies":[{"name":"wp","href":"https:\/\/api.w.org\/{rel}","templated":true}]}}