{"id":25359,"date":"2024-01-30T16:22:13","date_gmt":"2024-01-30T22:22:13","guid":{"rendered":"https:\/\/www.cervezamexico.com\/?page_id=25359"},"modified":"2025-04-03T10:10:39","modified_gmt":"2025-04-03T16:10:39","slug":"ecopunto-2","status":"publish","type":"page","link":"https:\/\/www.cervezamexico.com\/guadalajara\/ecopunto-2\/","title":{"rendered":"Ecopunto"},"content":{"rendered":"<div class=\"wpb-content-wrapper\"><p>[vc_row fullwidth=&#8221;yes&#8221; css=&#8221;.vc_custom_1711421418299{background-position: center !important;background-repeat: no-repeat !important;background-size: cover !important;}&#8221;][vc_column][vc_single_image image=&#8221;27114&#8243; alignment=&#8221;center&#8221; css_animation=&#8221;fadeInDown&#8221;][\/vc_column][\/vc_row][vc_row css=&#8221;.vc_custom_1714538546360{margin-top: 0px !important;margin-bottom: 40px !important;padding-top: 50px !important;padding-bottom: 50px !important;background-image: url(https:\/\/www.cervezamexico.com\/guadalajara\/wp-content\/uploads\/2024\/01\/background-papel.jpg?id=25322) !important;}&#8221;][vc_column width=&#8221;1\/4&#8243;]<div class=\"wprt-animation-block\" data-animate=\"slideInLeft\" data-duration=\"1s\" data-delay=\"0.9s\" data-position=\"100%\">\r\n\t\t<div class=\"wprt-image-box clearfix text-center\" style=\"\">\r\n        <div class=\"item\">\r\n            <div class=\"inner\" style=\"background-color: rgba(201,226,211,0.4);\">\r\n                <div class=\"thumb\" style=\"\"><img loading=\"lazy\" decoding=\"async\" width=\"600\" height=\"600\" src=\"https:\/\/www.cervezamexico.com\/guadalajara\/wp-content\/uploads\/2024\/03\/ecopunto1.jpg\" class=\"attachment-wprt-square size-wprt-square\" alt=\"\" srcset=\"https:\/\/www.cervezamexico.com\/guadalajara\/wp-content\/uploads\/2024\/03\/ecopunto1.jpg 600w, https:\/\/www.cervezamexico.com\/guadalajara\/wp-content\/uploads\/2024\/03\/ecopunto1-300x300.jpg 300w, https:\/\/www.cervezamexico.com\/guadalajara\/wp-content\/uploads\/2024\/03\/ecopunto1-100x100.jpg 100w, https:\/\/www.cervezamexico.com\/guadalajara\/wp-content\/uploads\/2024\/03\/ecopunto1-510x510.jpg 510w, https:\/\/www.cervezamexico.com\/guadalajara\/wp-content\/uploads\/2024\/03\/ecopunto1-150x150.jpg 150w, https:\/\/www.cervezamexico.com\/guadalajara\/wp-content\/uploads\/2024\/03\/ecopunto1-400x400.jpg 400w, https:\/\/www.cervezamexico.com\/guadalajara\/wp-content\/uploads\/2024\/03\/ecopunto1-200x200.jpg 200w, https:\/\/www.cervezamexico.com\/guadalajara\/wp-content\/uploads\/2024\/03\/ecopunto1-480x480.jpg 480w\" sizes=\"auto, (max-width: 600px) 100vw, 600px\" \/><\/div>\r\n                <div class=\"text-wrap\" style=\"\">\r\n                    <h3 class=\"title\" style=\"font-weight:700;color:#0e6939;font-size:20px;font-family:Inter;\">\r\n        <a target=\"_self\" href=\"\">\u00bfQue es EcoPunto?<\/a>\r\n    <\/h3> <div class=\"clearfix\"><\/div><div class=\"sep\" style=\"width:60px;margin: 0 auto;height:2px;background-color:#fd4100;\"><\/div> <div class=\"desc\" style=\"color:#002100;margin-top:10px;font-family:Inter;\">Un plan para abordar el problema de la generaci\u00f3n de residuos y minimizar el impacto ambiental dentro de la Expo Cerveza Mexico Guadalajara 2025 y asi contribuir al medio ambiente.<\/div> \r\n                <\/div>\r\n            <\/div>\r\n        <\/div>\r\n    <\/div>\r\n\t<\/div>[\/vc_column][vc_column width=&#8221;1\/4&#8243;]<div class=\"wprt-animation-block\" data-animate=\"fadeInUp\" data-duration=\"1s\" data-delay=\"0.9s\" data-position=\"100%\">\r\n\t\t<div class=\"wprt-image-box clearfix text-center\" style=\"\">\r\n        <div class=\"item\">\r\n            <div class=\"inner\" style=\"background-color: rgba(201,226,211,0.4);\">\r\n                <div class=\"thumb\" style=\"\"><img loading=\"lazy\" decoding=\"async\" width=\"600\" height=\"600\" src=\"https:\/\/www.cervezamexico.com\/guadalajara\/wp-content\/uploads\/2024\/03\/ecopunto4.jpg\" class=\"attachment-wprt-square size-wprt-square\" alt=\"\" srcset=\"https:\/\/www.cervezamexico.com\/guadalajara\/wp-content\/uploads\/2024\/03\/ecopunto4.jpg 600w, https:\/\/www.cervezamexico.com\/guadalajara\/wp-content\/uploads\/2024\/03\/ecopunto4-300x300.jpg 300w, https:\/\/www.cervezamexico.com\/guadalajara\/wp-content\/uploads\/2024\/03\/ecopunto4-100x100.jpg 100w, https:\/\/www.cervezamexico.com\/guadalajara\/wp-content\/uploads\/2024\/03\/ecopunto4-510x510.jpg 510w, https:\/\/www.cervezamexico.com\/guadalajara\/wp-content\/uploads\/2024\/03\/ecopunto4-150x150.jpg 150w, https:\/\/www.cervezamexico.com\/guadalajara\/wp-content\/uploads\/2024\/03\/ecopunto4-400x400.jpg 400w, https:\/\/www.cervezamexico.com\/guadalajara\/wp-content\/uploads\/2024\/03\/ecopunto4-200x200.jpg 200w, https:\/\/www.cervezamexico.com\/guadalajara\/wp-content\/uploads\/2024\/03\/ecopunto4-480x480.jpg 480w\" sizes=\"auto, (max-width: 600px) 100vw, 600px\" \/><\/div>\r\n                <div class=\"text-wrap\" style=\"\">\r\n                    <h3 class=\"title\" style=\"font-weight:700;color:#0e6939;font-size:20px;font-family:Inter;\">\r\n        <a target=\"_self\" href=\"\">\u00bfEn que consiste?<\/a>\r\n    <\/h3> <div class=\"clearfix\"><\/div><div class=\"sep\" style=\"width:60px;margin: 0 auto;height:2px;background-color:#fd4100;\"><\/div> <div class=\"desc\" style=\"color:#002100;margin-top:10px;font-family:Inter;\">\u201cDurante la Expo separaremos la basura en categor\u00edas como cart\u00f3n, pl\u00e1stico, vidrio y metal esto contribuye al proceso de reciclaje, promoviendo la conservaci\u00f3n de los recursos naturales.\u201d<\/div> \r\n                <\/div>\r\n            <\/div>\r\n        <\/div>\r\n    <\/div>\r\n\t<\/div>[\/vc_column][vc_column width=&#8221;1\/4&#8243;]<div class=\"wprt-animation-block\" data-animate=\"fadeInDown\" data-duration=\"1s\" data-delay=\"0.9s\" data-position=\"100%\">\r\n\t\t<div class=\"wprt-image-box clearfix text-center\" style=\"\">\r\n        <div class=\"item\">\r\n            <div class=\"inner\" style=\"background-color: rgba(201,226,211,0.4);\">\r\n                <div class=\"thumb\" style=\"\"><img loading=\"lazy\" decoding=\"async\" width=\"600\" height=\"600\" src=\"https:\/\/www.cervezamexico.com\/guadalajara\/wp-content\/uploads\/2024\/03\/recolectar.jpg\" class=\"attachment-wprt-square size-wprt-square\" alt=\"\" srcset=\"https:\/\/www.cervezamexico.com\/guadalajara\/wp-content\/uploads\/2024\/03\/recolectar.jpg 600w, https:\/\/www.cervezamexico.com\/guadalajara\/wp-content\/uploads\/2024\/03\/recolectar-300x300.jpg 300w, https:\/\/www.cervezamexico.com\/guadalajara\/wp-content\/uploads\/2024\/03\/recolectar-100x100.jpg 100w, https:\/\/www.cervezamexico.com\/guadalajara\/wp-content\/uploads\/2024\/03\/recolectar-510x510.jpg 510w, https:\/\/www.cervezamexico.com\/guadalajara\/wp-content\/uploads\/2024\/03\/recolectar-150x150.jpg 150w, https:\/\/www.cervezamexico.com\/guadalajara\/wp-content\/uploads\/2024\/03\/recolectar-400x400.jpg 400w, https:\/\/www.cervezamexico.com\/guadalajara\/wp-content\/uploads\/2024\/03\/recolectar-200x200.jpg 200w, https:\/\/www.cervezamexico.com\/guadalajara\/wp-content\/uploads\/2024\/03\/recolectar-480x480.jpg 480w\" sizes=\"auto, (max-width: 600px) 100vw, 600px\" \/><\/div>\r\n                <div class=\"text-wrap\" style=\"\">\r\n                    <h3 class=\"title\" style=\"font-weight:700;color:#0e6939;font-size:20px;font-family:Inter;\">\r\n        <a target=\"_self\" href=\"\">\u00bfCu\u00e1l es su finalidad?<\/a>\r\n    <\/h3> <div class=\"clearfix\"><\/div><div class=\"sep\" style=\"width:60px;margin: 0 auto;height:2px;background-color:#fd4100;\"><\/div> <div class=\"desc\" style=\"color:#002100;margin-top:10px;font-family:Inter;\">Al realizar esta separaci\u00f3n, se reduce la necesidad de extraer y procesar nuevos materiales, su vez disminuye la presi\u00f3n de nuestro entorno y fomenta un manejo sostenible de los recursos.<\/div> \r\n                <\/div>\r\n            <\/div>\r\n        <\/div>\r\n    <\/div>\r\n\t<\/div>[\/vc_column][vc_column width=&#8221;1\/4&#8243;]<div class=\"wprt-animation-block\" data-animate=\"fadeInRight\" data-duration=\"1s\" data-delay=\"0.9s\" data-position=\"100%\">\r\n\t\t<div class=\"wprt-image-box clearfix text-center\" style=\"\">\r\n        <div class=\"item\">\r\n            <div class=\"inner\" style=\"background-color: rgba(201,226,211,0.4);\">\r\n                <div class=\"thumb\" style=\"\"><img loading=\"lazy\" decoding=\"async\" width=\"600\" height=\"600\" src=\"https:\/\/www.cervezamexico.com\/guadalajara\/wp-content\/uploads\/2024\/03\/ecopunto3.jpg\" class=\"attachment-wprt-square size-wprt-square\" alt=\"\" srcset=\"https:\/\/www.cervezamexico.com\/guadalajara\/wp-content\/uploads\/2024\/03\/ecopunto3.jpg 600w, https:\/\/www.cervezamexico.com\/guadalajara\/wp-content\/uploads\/2024\/03\/ecopunto3-300x300.jpg 300w, https:\/\/www.cervezamexico.com\/guadalajara\/wp-content\/uploads\/2024\/03\/ecopunto3-100x100.jpg 100w, https:\/\/www.cervezamexico.com\/guadalajara\/wp-content\/uploads\/2024\/03\/ecopunto3-510x510.jpg 510w, https:\/\/www.cervezamexico.com\/guadalajara\/wp-content\/uploads\/2024\/03\/ecopunto3-150x150.jpg 150w, https:\/\/www.cervezamexico.com\/guadalajara\/wp-content\/uploads\/2024\/03\/ecopunto3-400x400.jpg 400w, https:\/\/www.cervezamexico.com\/guadalajara\/wp-content\/uploads\/2024\/03\/ecopunto3-200x200.jpg 200w, https:\/\/www.cervezamexico.com\/guadalajara\/wp-content\/uploads\/2024\/03\/ecopunto3-480x480.jpg 480w\" sizes=\"auto, (max-width: 600px) 100vw, 600px\" \/><\/div>\r\n                <div class=\"text-wrap\" style=\"\">\r\n                    <h3 class=\"title\" style=\"font-weight:700;color:#0e6939;font-size:20px;font-family:Inter;\">\r\n        <a target=\"_self\" href=\"\">\u00bfDonde?<\/a>\r\n    <\/h3> <div class=\"clearfix\"><\/div><div class=\"sep\" style=\"width:60px;margin: 0 auto;height:2px;background-color:#fd4100;\"><\/div> <div class=\"desc\" style=\"color:#002100;margin-top:10px;font-family:Inter;\">Dentro del sal\u00f3n, contaremos con un \u00e1rea espec\u00edfica destinada para depositar los residuos que se puedan reciclar que generes durante la expo.<\/div> \r\n                <\/div>\r\n            <\/div>\r\n        <\/div>\r\n    <\/div>\r\n\t<\/div>[\/vc_column][\/vc_row]<\/p>\n<\/div>","protected":false},"excerpt":{"rendered":"<p>[vc_row fullwidth=&#8221;yes&#8221; css=&#8221;.vc_custom_1711421418299{background-position: center !important;background-repeat: no-repeat !important;background-size: cover !important;}&#8221;][vc_column][vc_single_image image=&#8221;27114&#8243; alignment=&#8221;center&#8221; css_animation=&#8221;fadeInDown&#8221;][\/vc_column][\/vc_row][vc_row css=&#8221;.vc_custom_1714538546360{margin-top: 0px !important;margin-bottom: 40px !important;padding-top: 50px !important;padding-bottom: 50px !important;background-image: url(https:\/\/www.cervezamexico.com\/guadalajara\/wp-content\/uploads\/2024\/01\/background-papel.jpg?id=25322) !important;}&#8221;][vc_column width=&#8221;1\/4&#8243;][\/vc_column][vc_column width=&#8221;1\/4&#8243;][\/vc_column][vc_column width=&#8221;1\/4&#8243;][\/vc_column][vc_column width=&#8221;1\/4&#8243;][\/vc_column][\/vc_row]<\/p>\n","protected":false},"author":2,"featured_media":0,"parent":0,"menu_order":0,"comment_status":"closed","ping_status":"closed","template":"","meta":{"_acf_changed":false,"inline_featured_image":false,"_monsterinsights_skip_tracking":false,"_monsterinsights_sitenote_active":false,"_monsterinsights_sitenote_note":"","_monsterinsights_sitenote_category":0,"_price":"","_stock":"","_tribe_ticket_header":"","_tribe_default_ticket_provider":"","_tribe_ticket_capacity":"0","_ticket_start_date":"","_ticket_end_date":"","_tribe_ticket_show_description":"","_tribe_ticket_show_not_going":false,"_tribe_ticket_use_global_stock":"","_tribe_ticket_global_stock_level":"","_global_stock_mode":"","_global_stock_cap":"","_tribe_rsvp_for_event":"","_tribe_ticket_going_count":"","_tribe_ticket_not_going_count":"","_tribe_tickets_list":"[]","_tribe_ticket_has_attendee_info_fields":false,"_joinchat":[],"footnotes":"","_tec_slr_enabled":"","_tec_slr_layout":""},"class_list":["post-25359","page","type-page","status-publish","hentry","last"],"acf":[],"ticketed":false,"_links":{"self":[{"href":"https:\/\/www.cervezamexico.com\/guadalajara\/wp-json\/wp\/v2\/pages\/25359","targetHints":{"allow":["GET"]}}],"collection":[{"href":"https:\/\/www.cervezamexico.com\/guadalajara\/wp-json\/wp\/v2\/pages"}],"about":[{"href":"https:\/\/www.cervezamexico.com\/guadalajara\/wp-json\/wp\/v2\/types\/page"}],"author":[{"embeddable":true,"href":"https:\/\/www.cervezamexico.com\/guadalajara\/wp-json\/wp\/v2\/users\/2"}],"replies":[{"embeddable":true,"href":"https:\/\/www.cervezamexico.com\/guadalajara\/wp-json\/wp\/v2\/comments?post=25359"}],"version-history":[{"count":0,"href":"https:\/\/www.cervezamexico.com\/guadalajara\/wp-json\/wp\/v2\/pages\/25359\/revisions"}],"wp:attachment":[{"href":"https:\/\/www.cervezamexico.com\/guadalajara\/wp-json\/wp\/v2\/media?parent=25359"}],"curies":[{"name":"wp","href":"https:\/\/api.w.org\/{rel}","templated":true}]}}