{"id":92,"date":"2021-12-15T11:14:30","date_gmt":"2021-12-15T17:14:30","guid":{"rendered":"https:\/\/www.cervezamexico.com\/guadalajara\/?page_id=92"},"modified":"2026-02-05T11:32:01","modified_gmt":"2026-02-05T17:32:01","slug":"boletines","status":"publish","type":"page","link":"https:\/\/www.cervezamexico.com\/guadalajara\/boletines\/","title":{"rendered":"Boletines"},"content":{"rendered":"<div class=\"wpb-content-wrapper\"><p>[vc_row css=&#8221;.vc_custom_1711988600964{margin-top: 20px !important;}&#8221;][vc_column]<div id=\"uvc-type-wrap-9186\"  data-ultimate-target='#uvc-type-wrap-9186'  data-responsive-json-new='{\"font-size\":\"desktop:38px;\",\"line-height\":\"\"}'  class=\"uvc-type-wrap vc_custom_1770313076586 ult-adjust-bottom-margin ult-responsive  uvc-type-align-center uvc-type-no-prefix uvc-wrap-65192063869debb2d3376c\" style=\"text-align:center;\"><span id=\"typed-65192063869debb2d3376c\" class=\"ultimate-typed-main \" style=\"color:#00325d; font-weight:bold; text-transform: unset;\"><\/span><span  data-ultimate-target='#uvc-type-wrap-9186 .mycustfancy'  data-responsive-json-new='{\"font-size\":\"desktop:38px;\",\"line-height\":\"desktop:1px;\"}'  class=\"ultimate-typewriter-suffix mycustfancy ult-responsive\" style=\"font-weight:bold;color:#fd4100; text-transform: unset;\">PRENSA<\/span><script type=\"text\/javascript\">\n\t\t\t\t\t\tjQuery(function($){ \n\t\t\t\t\t\t\t$(document).ready(function(){\n\t\t\t\t\t\t\t\tif( typeof jQuery(\"#typed-65192063869debb2d3376c\").typed == \"function\"){\n\t\t\t\t\t\t\t\t\t$(\"#typed-65192063869debb2d3376c\").typed({\n\t\t\t\t\t\t\t\t\t\tstrings: [\"CONTACTO DE\"],\n\t\t\t\t\t\t\t\t\t\ttypeSpeed: 20,\n\t\t\t\t\t\t\t\t\t\tbackSpeed: 8,\n\t\t\t\t\t\t\t\t\t\tstartDelay: \"500\",\n\t\t\t\t\t\t\t\t\t\tbackDelay: \"2500\",\n\t\t\t\t\t\t\t\t\t\tloop: false,\n\t\t\t\t\t\t\t\t\t\tloopCount: false,\n\t\t\t\t\t\t\t\t\t\tshowCursor: true,\n\t\t\t\t\t\t\t\t\t\tcursorChar: \"|\",\n\t\t\t\t\t\t\t\t\t\tattr: null\n\t\t\t\t\t\t\t\t\t});\n\t\t\t\t\t\t\t\t}\n\t\t\t\t\t\t\t});\n\t\t\t\t\t\t});\n\t\t\t\t\t<\/script><\/div>[vc_column_text css=&#8221;.vc_custom_1747074380741{margin-top: 0px !important;}&#8221;]<\/p>\n<p style=\"text-align: center;\"><strong><span>Claudia Orozco<\/span><\/strong><br \/>\n<strong><span><a href=\"mailto:claudia.orozco1982@gmail.com\" target=\"_blank\" rel=\"noopener noreferrer\">claudia.orozco1982@gmail.com<\/a><\/span><\/strong><\/p>\n<div id=\"gtx-trans\" style=\"position: absolute; left: 0px; top: -14px;\">\n<div class=\"gtx-trans-icon\"><\/div>\n<\/div>\n<p>[\/vc_column_text][\/vc_column][\/vc_row][vc_row][vc_column width=&#8221;1\/6&#8243;][\/vc_column][vc_column width=&#8221;2\/3&#8243;][vc_column_text css=&#8221;&#8221;]<\/p>\n<h2 style=\"color: #f96f00; font-size: 27px;\">Boletines de Prensa 2025<\/h2>\n<hr \/>\n<p style=\"color: #00325d; font-size: 16px; padding-bottom: 10px;\"><a href=\"https:\/\/www.cervezamexico.com\/guadalajara\/wp-content\/uploads\/2025\/05\/Bol.-7-Inauguracion.pdf\" target=\"_blank\" rel=\"noopener\"><span style=\"color: #00325d;\"><strong>Bolet\u00edn\u00a0 7- Con aroma a malta y alianzas: as\u00ed inicia Expo Cerveza Guadalajara 2025<\/strong><\/span><\/a><\/p>\n<p style=\"color: #00325d; font-size: 16px; padding-bottom: 10px;\"><a href=\"https:\/\/www.cervezamexico.com\/guadalajara\/wp-content\/uploads\/2025\/05\/Bol.-6-Consumo-Responsable-en-Expo-Cerveza-Mexico.pdf\" target=\"_blank\" rel=\"noopener\"><span style=\"color: #00325d;\"><strong>Bolet\u00edn\u00a0 6- Consumo Responsable en Expo Cerveza Me\u0301xico<\/strong><\/span><\/a><\/p>\n<p style=\"color: #00325d; font-size: 16px; padding-bottom: 10px;\"><a href=\"https:\/\/www.cervezamexico.com\/guadalajara\/wp-content\/uploads\/2025\/04\/Bol.-4-Cerveza-catas-y-karaoke.pdf\" target=\"_blank\" rel=\"noopener\"><span style=\"color: #00325d;\"><strong>Bolet\u00edn\u00a0 5- Cerveza, catas y karaoke<\/strong><\/span><\/a><\/p>\n<p style=\"color: #00325d; font-size: 16px; padding-bottom: 10px;\"><a href=\"https:\/\/www.cervezamexico.com\/guadalajara\/wp-content\/uploads\/2025\/04\/Bol.-4-Competencia-Amateur-2025.pdf\"><span style=\"color: #00325d;\"><strong>Bolet\u00edn\u00a0 4 &#8211; Competencia Amateur<\/strong><\/span><\/a><\/p>\n<p style=\"color: #00325d; font-size: 16px; padding-bottom: 10px;\"><a href=\"https:\/\/www.cervezamexico.com\/guadalajara\/wp-content\/uploads\/2025\/04\/Bol.-3-Por-que-si-EXPO-CERVEZA-GUADALAJARA-2025.pdf\"><span style=\"color: #00325d;\"><strong>Bolet\u00edn 3 &#8211; Por que si &#8211; EXPO CERVEZA GUADALAJARA 2025<\/strong><\/span><\/a><\/p>\n<p style=\"color: #00325d; font-size: 16px; padding-bottom: 10px;\"><a href=\"https:\/\/www.cervezamexico.com\/guadalajara\/wp-content\/uploads\/2025\/04\/BOL.-2-Expo-Cerveza-Mexico-Guadalajara-llega-con-una-Ola-de-frescura.pdf\"><span style=\"color: #00325d;\"><strong>Bolet\u00edn 2 &#8211; Expo <\/strong><\/span><span style=\"color: #00325d;\"><strong>Cerveza <\/strong><\/span><span style=\"color: #00325d;\"><strong>M\u00e9xico Guadalajara llega con una ola de frescura<\/strong><\/span><\/a><\/p>\n<p style=\"color: #00325d; font-size: 16px; padding-bottom: 10px;\"><span style=\"color: #00325d;\"><a style=\"color: #00325d;\" href=\"https:\/\/www.cervezamexico.com\/guadalajara\/wp-content\/uploads\/2025\/02\/Bol.-1-CM-Revolucion-Artesanal-1.pdf\" target=\"_blank\" rel=\"noopener\"><strong>Bolet\u00edn 1 &#8211; Revoluci\u00f3n Artesanal Expo Cerveza M\u00e9xico transforma desaf\u00edos en oportunidades<\/strong><\/a><\/span><\/p>\n<p>[\/vc_column_text]\r\n\t<div class=\"wprt-spacer clearfix\" data-desktop=\"20\" data-mobi=\"10\" data-smobi=\"10\"><\/div>[vc_column_text]<\/p>\n<h2 style=\"color: #f96f00; font-size: 27px;\">Boletines de Prensa 2024<\/h2>\n<hr \/>\n<p style=\"color: #00325d; font-size: 16px; padding-bottom: 10px;\"><span style=\"color: #00325d;\"><a style=\"color: #00325d;\" href=\"https:\/\/www.cervezamexico.com\/guadalajara\/wp-content\/uploads\/2024\/05\/INAUGURACION-CERVEZA-GDL-24.pdf\" target=\"_blank\" rel=\"noopener\"><strong>Bolet\u00edn 7 &#8211; 3a Edici\u00f3n de Expo Cerveza M\u00e9xico Guadalajara <\/strong><\/a><\/span><\/p>\n<p style=\"color: #00325d; font-size: 16px; padding-bottom: 10px;\"><span style=\"color: #00325d;\"><a style=\"color: #00325d;\" href=\"https:\/\/www.cervezamexico.com\/guadalajara\/wp-content\/uploads\/2024\/05\/Bol.6-CMG-De-la-Tierra-a-la-mesa-.pdf\" target=\"_blank\" rel=\"noopener\"><strong>Bolet\u00edn 6 &#8211; CMG De la Tierra a la mesa <\/strong><\/a><\/span><\/p>\n<p style=\"color: #00325d; font-size: 16px; padding-bottom: 10px;\"><span style=\"color: #00325d;\"><a style=\"color: #00325d;\" href=\"https:\/\/www.cervezamexico.com\/guadalajara\/wp-content\/uploads\/2024\/05\/BOL.5-CMG-Entre-el-exceso-y-la-salud.pdf\" target=\"_blank\" rel=\"noopener\"><strong>Bolet\u00edn 5 &#8211; CMG Entre el exceso y la salud<\/strong><\/a><\/span><\/p>\n<p style=\"color: #00325d; font-size: 16px; padding-bottom: 10px;\"><span style=\"color: #00325d;\"><a style=\"color: #00325d;\" href=\"https:\/\/www.cervezamexico.com\/guadalajara\/wp-content\/uploads\/2024\/05\/Bol.4-CMG-Explorando-el-encanto-del-maridaje.pdf\" target=\"_blank\" rel=\"noopener\"><strong>Bolet\u00edn 4 &#8211; CMG Explorando el encanto del maridaje<\/strong><\/a><\/span><\/p>\n<p style=\"color: #00325d; font-size: 16px; padding-bottom: 10px;\"><span style=\"color: #00325d;\"><a style=\"color: #00325d;\" href=\"https:\/\/www.cervezamexico.com\/guadalajara\/wp-content\/uploads\/2024\/05\/BOL.3-CMG-COMPETENCIA-AMATEUR-.pdf\" target=\"_blank\" rel=\"noopener\"><strong>Bolet\u00edn 3 &#8211; CMG Competencia Amateur<\/strong><\/a><\/span><\/p>\n<p style=\"color: #00325d; font-size: 16px; padding-bottom: 10px;\"><span style=\"color: #00325d;\"><a style=\"color: #00325d;\" href=\"https:\/\/www.cervezamexico.com\/guadalajara\/wp-content\/uploads\/2024\/05\/BOL.2-CMG-Conferencia-1.pdf\" target=\"_blank\" rel=\"noopener\"><strong>Bolet\u00edn 2 &#8211; CMG Conferencia<\/strong><\/a><\/span><\/p>\n<p style=\"color: #00325d; font-size: 16px; padding-bottom: 10px;\"><span style=\"color: #00325d;\"><a style=\"color: #00325d;\" href=\"https:\/\/www.cervezamexico.com\/guadalajara\/wp-content\/uploads\/2024\/05\/Bol.1-Cerveceria-Colima.pdf\" target=\"_blank\" rel=\"noopener\"><strong>Bolet\u00edn 1 &#8211; Cervecer\u00eda Colima<\/strong><\/a><\/span><\/p>\n<p>[\/vc_column_text]\r\n\t<div class=\"wprt-spacer clearfix\" data-desktop=\"40\" data-mobi=\"30\" data-smobi=\"20\"><\/div>[\/vc_column][vc_column width=&#8221;1\/6&#8243;][\/vc_column][\/vc_row]<\/p>\n<\/div>","protected":false},"excerpt":{"rendered":"<p>[vc_row css=&#8221;.vc_custom_1711988600964{margin-top: 20px !important;}&#8221;][vc_column][vc_column_text css=&#8221;.vc_custom_1747074380741{margin-top: 0px !important;}&#8221;] Claudia Orozco claudia.orozco1982@gmail.com [\/vc_column_text][\/vc_column][\/vc_row][vc_row][vc_column width=&#8221;1\/6&#8243;][\/vc_column][vc_column width=&#8221;2\/3&#8243;][vc_column_text css=&#8221;&#8221;] Boletines de Prensa 2025 Bolet\u00edn\u00a0 7- Con aroma a malta y alianzas: as\u00ed inicia Expo Cerveza Guadalajara 2025 Bolet\u00edn\u00a0 6- Consumo Responsable en Expo Cerveza Me\u0301xico Bolet\u00edn\u00a0 5- Cerveza, catas y karaoke&hellip;<\/p>\n","protected":false},"author":2,"featured_media":0,"parent":0,"menu_order":0,"comment_status":"closed","ping_status":"closed","template":"","meta":{"_acf_changed":false,"inline_featured_image":false,"_monsterinsights_skip_tracking":false,"_monsterinsights_sitenote_active":false,"_monsterinsights_sitenote_note":"","_monsterinsights_sitenote_category":0,"_price":"","_stock":"","_tribe_ticket_header":"","_tribe_default_ticket_provider":"Tribe__Tickets_Plus__Commerce__WooCommerce__Main","_tribe_ticket_capacity":"0","_ticket_start_date":"","_ticket_end_date":"","_tribe_ticket_show_description":"","_tribe_ticket_show_not_going":false,"_tribe_ticket_use_global_stock":"","_tribe_ticket_global_stock_level":"","_global_stock_mode":"","_global_stock_cap":"","_tribe_rsvp_for_event":"","_tribe_ticket_going_count":"","_tribe_ticket_not_going_count":"","_tribe_tickets_list":"[]","_tribe_ticket_has_attendee_info_fields":false,"_joinchat":[],"footnotes":"","_tec_slr_enabled":"","_tec_slr_layout":""},"class_list":["post-92","page","type-page","status-publish","hentry","last"],"acf":[],"ticketed":false,"_links":{"self":[{"href":"https:\/\/www.cervezamexico.com\/guadalajara\/wp-json\/wp\/v2\/pages\/92","targetHints":{"allow":["GET"]}}],"collection":[{"href":"https:\/\/www.cervezamexico.com\/guadalajara\/wp-json\/wp\/v2\/pages"}],"about":[{"href":"https:\/\/www.cervezamexico.com\/guadalajara\/wp-json\/wp\/v2\/types\/page"}],"author":[{"embeddable":true,"href":"https:\/\/www.cervezamexico.com\/guadalajara\/wp-json\/wp\/v2\/users\/2"}],"replies":[{"embeddable":true,"href":"https:\/\/www.cervezamexico.com\/guadalajara\/wp-json\/wp\/v2\/comments?post=92"}],"version-history":[{"count":2,"href":"https:\/\/www.cervezamexico.com\/guadalajara\/wp-json\/wp\/v2\/pages\/92\/revisions"}],"predecessor-version":[{"id":30505,"href":"https:\/\/www.cervezamexico.com\/guadalajara\/wp-json\/wp\/v2\/pages\/92\/revisions\/30505"}],"wp:attachment":[{"href":"https:\/\/www.cervezamexico.com\/guadalajara\/wp-json\/wp\/v2\/media?parent=92"}],"curies":[{"name":"wp","href":"https:\/\/api.w.org\/{rel}","templated":true}]}}